{"version":"1.0","provider_name":"Istituto Scolastico Don Bosco | Alassio","provider_url":"https:\/\/www.donboscoalassio.it\/old","author_name":"Don Bosco Alassio","title":"Messa di Inizio Anno Pastorale 2021\/22","type":"rich","width":600,"height":338,"html":"<blockquote class=\"wp-embedded-content\" data-secret=\"I7dWQ88y91\"><a href=\"https:\/\/www.donboscoalassio.it\/old\/2021\/09\/17\/messa-di-inizio-anno-pastorale\/\">Messa di Inizio Anno Pastorale 2021\/22<\/a><\/blockquote><iframe sandbox=\"allow-scripts\" security=\"restricted\" src=\"https:\/\/www.donboscoalassio.it\/old\/2021\/09\/17\/messa-di-inizio-anno-pastorale\/embed\/#?secret=I7dWQ88y91\" width=\"600\" height=\"338\" title=\"&#8220;Messa di Inizio Anno Pastorale 2021\/22&#8221; &#8212; Istituto Scolastico Don Bosco | Alassio\" data-secret=\"I7dWQ88y91\" frameborder=\"0\" marginwidth=\"0\" marginheight=\"0\" scrolling=\"no\" class=\"wp-embedded-content\"><\/iframe><script type=\"text\/javascript\">\n\/* <![CDATA[ *\/\n\/*! This file is auto-generated *\/\n!function(d,l){\"use strict\";l.querySelector&&d.addEventListener&&\"undefined\"!=typeof URL&&(d.wp=d.wp||{},d.wp.receiveEmbedMessage||(d.wp.receiveEmbedMessage=function(e){var t=e.data;if((t||t.secret||t.message||t.value)&&!\/[^a-zA-Z0-9]\/.test(t.secret)){for(var s,r,n,a=l.querySelectorAll('iframe[data-secret=\"'+t.secret+'\"]'),o=l.querySelectorAll('blockquote[data-secret=\"'+t.secret+'\"]'),c=new RegExp(\"^https?:$\",\"i\"),i=0;i<o.length;i++)o[i].style.display=\"none\";for(i=0;i<a.length;i++)s=a[i],e.source===s.contentWindow&&(s.removeAttribute(\"style\"),\"height\"===t.message?(1e3<(r=parseInt(t.value,10))?r=1e3:~~r<200&&(r=200),s.height=r):\"link\"===t.message&&(r=new URL(s.getAttribute(\"src\")),n=new URL(t.value),c.test(n.protocol))&&n.host===r.host&&l.activeElement===s&&(d.top.location.href=t.value))}},d.addEventListener(\"message\",d.wp.receiveEmbedMessage,!1),l.addEventListener(\"DOMContentLoaded\",function(){for(var e,t,s=l.querySelectorAll(\"iframe.wp-embedded-content\"),r=0;r<s.length;r++)(t=(e=s[r]).getAttribute(\"data-secret\"))||(t=Math.random().toString(36).substring(2,12),e.src+=\"#?secret=\"+t,e.setAttribute(\"data-secret\",t)),e.contentWindow.postMessage({message:\"ready\",secret:t},\"*\")},!1)))}(window,document);\n\/\/# sourceURL=https:\/\/www.donboscoalassio.it\/old\/wp-includes\/js\/wp-embed.min.js\n\/* ]]> *\/\n<\/script>\n","thumbnail_url":"https:\/\/www.donboscoalassio.it\/old\/wp-content\/uploads\/sites\/6\/2019\/11\/Chiesa_DonBosco16.jpg","thumbnail_width":4211,"thumbnail_height":2811,"description":"Prot. n. 740\/C36 Gent.me Famiglie, luned\u00ec 20 settembre, ricorrenza della fondazione della casa di salesiana di Alassio da parte di don Bosco stesso, alle ore 12, celebreremo la messa di inizio anno pastorale che coinvolger\u00e0 tutta la comunit\u00e0 educativa dell&#8217;Opera.Per poter accogliere in sicurezza tutti coloro che desiderano partecipare, questa si terr\u00e0 all&#8217;aperto, nel campo ..."}

Prot. n. 740/C36 Gent.me Famiglie, lunedì 20 settembre, ricorrenza della fondazione della casa di salesiana di Alassio da parte di don Bosco stesso, alle ore 12, celebreremo la messa di inizio anno pastorale che coinvolgerà tutta la comunità educativa dell&#8217;Opera.Per poter accogliere in sicurezza tutti coloro che desiderano partecipare, questa si terrà all&#8217;aperto, nel campo ...
